r = 52 - 55. List the prime factors of k(r).
2, 5
Suppose 0 = 3*b - 4 - 29. What are the prime factors of b?
11
Suppose -2*f + 5 = -1. Suppose -4*k + 2*s + 4 = 0, -2*k + f = 3*s - 15. List the prime factors of k.
3
Suppose -4 + 149 = 5*f. Suppose -3*q + 25 = -4*p + 9*p, f = 5*q + 2*p. What are the prime factors of q?
5
Let t be ((-4)/2)/(7/(-266)). Suppose 0 = -4*k + z - 5*z + t, 3*k - 41 = z. List the prime factors of k.
3, 5
Let b(c) = c**3 - 5*c**2 + 6*c - 4. Let f be b(4). Suppose 5*h - 32 = -3*m, f*h = -2*m + 6*m. What are the prime factors of h + -1 + 6/3?
5
Let l = -71 - -38. Let g be 4/(-14) - (-327)/(-7). Let h = l - g. List the prime factors of h.
2, 7
Let x = 157 + -83. What are the prime factors of x?
2, 37
Let m(f) = 2*f**2 - 1. What are the prime factors of m(-3)?
17
Suppose -2*x = -0*x. Suppose x*r - 26 = -2*r. What are the prime factors of r?
13
Suppose -a + 6 = 3. Let s = a - 9. Let p = 10 + s. List the prime factors of p.
2
Let q(c) = c - 1. Let l be q(3). Let p be ((-231)/12)/(-7)*8. Suppose -l*k = -4*k + p. What are the prime factors of k?
11
Let j = 324 - 55. What are the prime factors of j?
269
Suppose 0 = 3*s - 7 - 2. Let b = s - 4. Let o(r) = -11*r**3 - 2*r - 1. List the prime factors of o(b).
2, 3
Suppose -3*d - 9 = o, 3*o - o = -d + 2. Let a = d - -7. Let b(q) = q**2 + 2. List the prime factors of b(a).
11
Suppose 0 = 4*p - 4*y + 12, 1 = p + 2*y + 4. List the prime factors of p/5*(-175)/5.
3, 7
Let t(a) = a**3 + 13*a**2 + 17*a + 1. List the prime factors of t(-10).
131
Let c(v) = v**3 - 4*v**2 + 1. Let t be c(4). Suppose 37 - 41 = -a. Let w = a + t. List the prime factors of w.
5
Let w = -5 - -5. Suppose w + 3 = q. Suppose -q*n + 3 = -3. List the prime factors of n.
2
Suppose -6*c - 1404 = -11*c + 4*l, 3*c - 860 = -2*l. List the prime factors of c.
2, 71
Suppose 0 = 5*m + 4*w + 2, -4*w + 2*w - 6 = 0. List the prime factors of m.
2
What are the prime factors of (-8)/2 + (0 + 0 - -128)?
2, 31
Let w = 87 - 4. What are the prime factors of w?
83
Let i(l) = 6*l**3 - l**2 + l. Let n be i(1). Suppose -2*p = -n*p - 4. Let f = p + 9. What are the prime factors of f?
2
Let f(q) = 4*q**2 + 2*q + 2. Let r be 4 - (-5)/((-15)/6). Suppose r = -5*l + 4*v - 4, 4*l - v = -7. List the prime factors of f(l).
2, 7
Let o = -600 - -899. What are the prime factors of o?
13, 23
Let m(k) = -k**3 - 2*k**2 + k + 2. Let z be m(-2). What are the prime factors of 3/(z - (-3)/2)?
2
Suppose 72 = -10*w + 12*w. What are the prime factors of w?
2, 3
Let v(r) = -r**2 - 5*r - 2. What are the prime factors of v(-4)?
2
Let s = 140 - 97. What are the prime factors of s?
43
Suppose 0 = s - 4, k - s - 16 = 6*k. Let v = k - -8. What are the prime factors of v?
2
Suppose -2*v - 85 = 3*v - 5*p, 3*p + 9 = 0. Let k = v + 30. What are the prime factors of k?
2, 5
Let v(i) be the third derivative of -i**5/60 + 7*i**4/24 - i**3/6 + 2*i**2. Let s be v(6). Suppose s*c - 36 = c. What are the prime factors of c?
3
List the prime factors of (66/15)/(5/100).
2, 11
List the prime factors of (1 - -5)/(6/28).
2, 7
Suppose -4*o = -o. Let g = o + 2. What are the prime factors of g?
2
Let q(w) = -w + 9. Let h(k) = -k + 6. Let o be h(-9). Suppose -15 = -2*p + 6*s - s, p + 5*s = -o. What are the prime factors of q(p)?
3
Let l(a) = a**3 + 8*a**2 + a + 5. List the prime factors of l(-7).
47
Suppose g = 5*g + 4*w + 16, 11 = -5*g + 4*w. Let v = -2 - g. Let d = 3 - v. What are the prime factors of d?
2
Suppose 4*q - 1 = -9. Let z be (-1)/((-1)/q + -1). Suppose 0 = -z*y + 4*d - 2, y + 5*d - 6 = 7. List the prime factors of y.
3
Suppose -7 = 4*t - 23. Let b be (4 + -2)/(t/(-14)). Let u(z) = z**2 + 6*z + 2. List the prime factors of u(b).
3
Suppose 4*n = -2*l + 402, 0*l = -4*l + 2*n + 784. What are the prime factors of l?
197
Let o = 40 + -37. What are the prime factors of o?
3
What are the prime factors of (2/3)/((-30775)/(-4395) - 7)?
293
Suppose 2*h = 0, 2*v + h + 143 = 547. What are the prime factors of v?
2, 101
Let g(o) = 4*o + 3. List the prime factors of g(3).
3, 5
Suppose -s - y - 5 - 5 = 0, s - 3*y = 6. Let f = 8 - s. What are the prime factors of f?
2, 7
Suppose -d + 3 = -3. List the prime factors of 3 - 1 - d/(-1).
2
List the prime factors of (2 - -35) + -3 + 6.
2, 5
Suppose 3*n + 6 = m - 1, -5*n = m + 17. Let c(y) = y**2 + 3. List the prime factors of c(n).
2, 3
Let w(f) = -2*f**3 + f**2 + 4*f + 4. What are the prime factors of w(-2)?
2
Let r be 3/(-9) + 10/3. Suppose -r*y - 45 = 3*g - 15, -y + 5 = 4*g. Let o = y - -26. What are the prime factors of o?
11
Let w(s) = 4*s**2 + s. Suppose -3*z + 10 = 2*z. What are the prime factors of w(z)?
2, 3
What are the prime factors of (-3)/6*306/(-3)?
3, 17
Let a be ((-10)/3)/((-2)/3). Let r = 3 + -2. Let d = a + r. What are the prime factors of d?
2, 3
List the prime factors of (-5 + -3)/((-4)/(-40)*-2).
2, 5
Let u = -22 - -97. Suppose 0 = -m + 6*m - u. What are the prime factors of m?
3, 5
Let p = 45 + -32. Suppose 0 = 5*f - 5*y - 33 + p, 4*y = -3*f - 16. Suppose m + m - 24 = f. What are the prime factors of m?
2, 3
List the prime factors of (-3)/(-6) - (-930)/12.
2, 3, 13
Let x = -1 - -1. What are the prime factors of 6/(-3) - (-16 - x)?
2, 7
Suppose 3*r + 3*z = 492, -2*r + 316 = -3*z + z. What are the prime factors of r?
7, 23
Let h(u) = -u + 11. List the prime factors of h(-5).
2
Suppose m + t = 4*m - 11, t = -5*m + 5. Suppose c = 6*c + m*x - 26, 11 = -c + 5*x. Suppose d + d - u = 26, 0 = -2*d - c*u + 16. What are the prime factors of d?
2, 3
Let w(j) = -14 - 9*j**2 - j - j**3 + 4*j + 5*j. Let v(o) = -5*o. Let i be v(2). List the prime factors of w(i).
2, 3
Let m = -3 - -4. Let l = m + -1. Suppose -5*n = 4*d - 17, 5*n + 5*d = -l*d + 15. List the prime factors of n.
5
Let f(z) = 5*z**3 - z**2 + 6*z - 3. What are the prime factors of f(4)?
5, 13
Suppose 9*i = 957 - 183. List the prime factors of i.
2, 43
Let t(g) = -g**3 - 7*g**2 - 2*g - 10. What are the prime factors of t(-7)?
2
Let q(t) = -14*t + 56. What are the prime factors of q(-11)?
2, 3, 5, 7
List the prime factors of 9060/42 + 2/7.
2, 3
Let o(p) = -p**3 + 6*p**2 + 7*p. Let q be o(7). Let w = q + 0. Suppose -3*f = -4*t - 31, 3*f - t + w*t - 28 = 0. List the prime factors of f.
3
List the prime factors of 3 + -2 - (-6)/2.
2
Let j = 17 + -8. What are the prime factors of j?
3
Suppose -4*j - 5*l = -408, 376 = 3*j + l + 59. What are the prime factors of j?
107
Suppose f - 76 = -3*l + 5*l, -208 = -3*f + l. What are the prime factors of f?
2, 17
Let r(x) = -x**3 + 5*x**2 - 5*x + 2. Let l be r(3). Suppose 2*y = l*g + 24, -3*g = 5*y - 4*g - 37. Suppose 0 = 3*u + y - 25. What are the prime factors of u?
2, 3
Let x = 101 + -36. List the prime factors of x.
5, 13
Let h be 56/5*(1 + 4). Let u = 86 - h. List the prime factors of u.
2, 3, 5
Suppose -6*x - 2*h = -x - 25, h = 3*x - 15. Suppose 1 = 3*b - q + 2, -2*b - x*q - 29 = 0. Let s(k) = 2*k**2 + 2*k - 2. What are the prime factors of s(b)?
2
Let p(t) = -t**3 - 6*t**2 - t - 1. Let a be p(-6). Let l = 12 - a. List the prime factors of l.
7
Suppose -245 = 5*p - 0*p + 3*o, 3*o + 89 = -2*p. Let s = p + 74. List the prime factors of 2/11 - (-194)/s.
3
Let g be 60/(-25) + (-4)/(-10). Let u be 6 - g/(-2)*2. Suppose -u*t - 2*p + 1 = -3, -5*t = -4*p - 31. List the prime factors of t.
3
Let l(p) = 2*p - 3*p + 6*p**2 - 2*p. Let u(v) = 5*v**2 - 3*v. Let q(w) = -4*l(w) + 5*u(w). List the prime factors of q(5).
2, 5
Let o = -10 - -4. Let d = o + -10. Let v = d + 27. List the prime factors of v.
11
Let q = 68 - 40. List the prime factors of q.
2, 7
Let z(h) = h**3 + 2*h**2 - h + 4. Let d be z(-3). List the prime factors of 15 + (-9)/(-3) + d.
2
Let u be (4/(-3))/((-2)/3). Suppose 16 = -u*f - 0*f. Let c = 3 - f. List the prime factors of c.
11
Suppose 0 = 3*s - 3*f - 2649, 2*s - 1754 = -f - f. List the prime factors of 4/(-18) + s/72.
2, 3
Suppose 4*u + 3*t - 465 = 0, 0*t - 2*t = -u + 130. List the prime factors of u.
2, 3, 5
Suppose -5*p + 23 = -2. Suppose 0 = -j + p + 4. Let f = j - -8. What are the prime factors of f?
17
Let x = -12 + 6. Let o = 8 - x. Suppose 5*i = 3*i + o. What are the prime factors of i?
7
Let d(i) = i + 7. Let u be d(-6). Suppose -3*w + 8 = -7. Let f = u + w. What are the prime factors of f?
2, 3
Suppose 2*g = -5*m + 34, 3*g - 